{"id":1450,"date":"2026-03-26T07:43:34","date_gmt":"2026-03-26T07:43:34","guid":{"rendered":"https:\/\/www.pahvilaatikko.fi\/?page_id=1450"},"modified":"2026-04-24T09:55:07","modified_gmt":"2026-04-24T09:55:07","slug":"tuotteet","status":"publish","type":"page","link":"https:\/\/www.pahvilaatikko.fi\/?page_id=1450","title":{"rendered":"Tuotteet"},"content":{"rendered":"\t\t<div data-elementor-type=\"wp-page\" data-elementor-id=\"1450\" class=\"elementor elementor-1450\" data-elementor-post-type=\"page\">\n\t\t\t\t<div class=\"elementor-element elementor-element-3296e57 e-con-full e-flex wpr-particle-no wpr-jarallax-no wpr-parallax-no wpr-sticky-section-no wpr-equal-height-no e-con e-parent\" data-id=\"3296e57\" data-element_type=\"container\" data-e-type=\"container\" data-settings=\"{&quot;background_background&quot;:&quot;classic&quot;,&quot;background_motion_fx_motion_fx_scrolling&quot;:&quot;yes&quot;,&quot;background_motion_fx_scale_effect&quot;:&quot;yes&quot;,&quot;background_motion_fx_scale_direction&quot;:&quot;out-in&quot;,&quot;background_motion_fx_scale_speed&quot;:{&quot;unit&quot;:&quot;px&quot;,&quot;size&quot;:4,&quot;sizes&quot;:[]},&quot;background_motion_fx_scale_range&quot;:{&quot;unit&quot;:&quot;%&quot;,&quot;size&quot;:&quot;&quot;,&quot;sizes&quot;:{&quot;start&quot;:20,&quot;end&quot;:80}},&quot;background_motion_fx_devices&quot;:[&quot;desktop&quot;,&quot;tablet&quot;,&quot;mobile&quot;]}\">\n\t\t\t\t<div class=\"elementor-element elementor-element-fece966 elementor-widget elementor-widget-heading\" data-id=\"fece966\" data-element_type=\"widget\" data-e-type=\"widget\" data-widget_type=\"heading.default\">\n\t\t\t\t\t<h1 class=\"elementor-heading-title elementor-size-default\">TOIMIVAT PAKKAUSRATKAISUT KAIKKIIN TARPEISIIN<\/h1>\t\t\t\t<\/div>\n\t\t\t\t<div class=\"elementor-element elementor-element-70e3e24 elementor-align-left elementor-widget elementor-widget-button\" data-id=\"70e3e24\" data-element_type=\"widget\" data-e-type=\"widget\" data-widget_type=\"button.default\">\n\t\t\t\t\t\t\t\t\t\t<a class=\"elementor-button elementor-button-link elementor-size-sm elementor-animation-pop\" href=\"#\">\n\t\t\t\t\t\t<span class=\"elementor-button-content-wrapper\">\n\t\t\t\t\t\t\t\t\t<span class=\"elementor-button-text\">TUOTEVALIKOIMA<\/span>\n\t\t\t\t\t<\/span>\n\t\t\t\t\t<\/a>\n\t\t\t\t\t\t\t\t<\/div>\n\t\t\t\t<\/div>\n\t\t<div class=\"elementor-element elementor-element-f913d9b e-flex e-con-boxed wpr-particle-no wpr-jarallax-no wpr-parallax-no wpr-sticky-section-no wpr-equal-height-no e-con e-parent\" data-id=\"f913d9b\" data-element_type=\"container\" data-e-type=\"container\" data-settings=\"{&quot;background_background&quot;:&quot;gradient&quot;}\">\n\t\t\t\t\t<div class=\"e-con-inner\">\n\t\t<div class=\"elementor-element elementor-element-06430c8 e-con-full e-flex wpr-particle-no wpr-jarallax-no wpr-parallax-no wpr-sticky-section-no wpr-equal-height-no e-con e-child\" data-id=\"06430c8\" data-element_type=\"container\" data-e-type=\"container\">\n\t\t\t\t<div class=\"elementor-element elementor-element-b9705c9 elementor-widget elementor-widget-text-editor\" data-id=\"b9705c9\" data-element_type=\"widget\" data-e-type=\"widget\" data-widget_type=\"text-editor.default\">\n\t\t\t\t\t\t\t\t\t<p>Pakkaus on paljon enemm\u00e4n kuin pelkk\u00e4 laatikko. Se vaikuttaa tuotteiden suojaamiseen, pakkaamisen sujuvuuteen, kuljetuksen tehokkuuteen ja lopulta koko toimitusketjun kustannuksiin.<\/p><p>Oikein valittu pakkaus ei ainoastaan suojaa tuotetta, vaan tehostaa tekemist\u00e4, v\u00e4hent\u00e4\u00e4 turhaa materiaalink\u00e4ytt\u00f6\u00e4 ja tukee liiketoiminnan sujuvuutta.<\/p><p>Tarjoamme sek\u00e4 vakiotuotteet ett\u00e4 t\u00e4ysin r\u00e4\u00e4t\u00e4l\u00f6idyt ratkaisut, kun pakkaus halutaan optimoida tarkasti tuotteelle ja tiettyyn k\u00e4ytt\u00f6tarkoitukseen.<\/p>\t\t\t\t\t\t\t\t<\/div>\n\t\t\t\t<\/div>\n\t\t\t\t\t<\/div>\n\t\t\t\t<\/div>\n\t\t<div class=\"elementor-element elementor-element-672390d e-flex e-con-boxed wpr-particle-no wpr-jarallax-no wpr-parallax-no wpr-sticky-section-no wpr-equal-height-no elementor-invisible e-con e-parent\" data-id=\"672390d\" data-element_type=\"container\" data-e-type=\"container\" data-settings=\"{&quot;animation&quot;:&quot;zoomIn&quot;}\">\n\t\t\t\t\t<div class=\"e-con-inner\">\n\t\t\t\t<div class=\"elementor-element elementor-element-8a2c540 elementor-widget elementor-widget-heading\" data-id=\"8a2c540\" data-element_type=\"widget\" data-e-type=\"widget\" data-widget_type=\"heading.default\">\n\t\t\t\t\t<h2 class=\"elementor-heading-title elementor-size-default\">Tutustu eri tuoteryhmiin ja l\u00f6yd\u00e4 ratkaisu, joka toimii k\u00e4yt\u00e4nn\u00f6ss\u00e4.<\/h2>\t\t\t\t<\/div>\n\t\t\t\t\t<\/div>\n\t\t\t\t<\/div>\n\t\t<div class=\"elementor-element elementor-element-22ee2834 e-flex e-con-boxed wpr-particle-no wpr-jarallax-no wpr-parallax-no wpr-sticky-section-no wpr-equal-height-no e-con e-parent\" data-id=\"22ee2834\" data-element_type=\"container\" data-e-type=\"container\">\n\t\t\t\t\t<div class=\"e-con-inner\">\n\t\t<div class=\"elementor-element elementor-element-5bcbf341 e-con-full e-flex wpr-particle-no wpr-jarallax-no wpr-parallax-no wpr-sticky-section-no wpr-equal-height-no e-con e-child\" data-id=\"5bcbf341\" data-element_type=\"container\" data-e-type=\"container\" data-settings=\"{&quot;background_background&quot;:&quot;classic&quot;}\">\n\t\t\t\t<div class=\"elementor-element elementor-element-736f8bcb elementor-widget elementor-widget-heading\" data-id=\"736f8bcb\" data-element_type=\"widget\" data-e-type=\"widget\" data-widget_type=\"heading.default\">\n\t\t\t\t\t<h2 class=\"elementor-heading-title elementor-size-default\">PAHVILAATIKOT<\/h2>\t\t\t\t<\/div>\n\t\t\t\t<div class=\"elementor-element elementor-element-5f3e04b elementor-widget elementor-widget-text-editor\" data-id=\"5f3e04b\" data-element_type=\"widget\" data-e-type=\"widget\" data-widget_type=\"text-editor.default\">\n\t\t\t\t\t\t\t\t\t<p>Kaikki yritysten pakkaamiseen.<br \/>Vakiokoot, vahvat kuljetuslaatikot ja mittatilausratkaisut.<\/p>\t\t\t\t\t\t\t\t<\/div>\n\t\t\t\t<div class=\"elementor-element elementor-element-4f5116b6 elementor-widget elementor-widget-heading\" data-id=\"4f5116b6\" data-element_type=\"widget\" data-e-type=\"widget\" data-widget_type=\"heading.default\">\n\t\t\t\t\t<h2 class=\"elementor-heading-title elementor-size-default\"><a href=\"https:\/\/www.pahvilaatikko.fi\/?page_id=1598\">Katso pahvilaatikot<\/a><\/h2>\t\t\t\t<\/div>\n\t\t\t\t<\/div>\n\t\t<div class=\"elementor-element elementor-element-6864be85 e-con-full e-flex wpr-particle-no wpr-jarallax-no wpr-parallax-no wpr-sticky-section-no wpr-equal-height-no e-con e-child\" data-id=\"6864be85\" data-element_type=\"container\" data-e-type=\"container\" data-settings=\"{&quot;background_background&quot;:&quot;classic&quot;}\">\n\t\t\t\t<div class=\"elementor-element elementor-element-46dedbe2 elementor-widget elementor-widget-heading\" data-id=\"46dedbe2\" data-element_type=\"widget\" data-e-type=\"widget\" data-widget_type=\"heading.default\">\n\t\t\t\t\t<h2 class=\"elementor-heading-title elementor-size-default\">POSTITUSKOTELOT<\/h2>\t\t\t\t<\/div>\n\t\t\t\t<div class=\"elementor-element elementor-element-f91b27f elementor-widget elementor-widget-text-editor\" data-id=\"f91b27f\" data-element_type=\"widget\" data-e-type=\"widget\" data-widget_type=\"text-editor.default\">\n\t\t\t\t\t\t\t\t\t<p>Siisti ja nopea tapa l\u00e4hett\u00e4\u00e4 tuotteita. Erityisesti verkkokaupoille ja pienille l\u00e4hetyksille.<\/p>\t\t\t\t\t\t\t\t<\/div>\n\t\t\t\t<div class=\"elementor-element elementor-element-79eb5d6d elementor-widget elementor-widget-heading\" data-id=\"79eb5d6d\" data-element_type=\"widget\" data-e-type=\"widget\" data-widget_type=\"heading.default\">\n\t\t\t\t\t<h2 class=\"elementor-heading-title elementor-size-default\"><a href=\"https:\/\/www.pahvilaatikko.fi\/?page_id=1600\">Katso postituskotelot<\/a><\/h2>\t\t\t\t<\/div>\n\t\t\t\t<\/div>\n\t\t<div class=\"elementor-element elementor-element-272554de e-con-full e-flex wpr-particle-no wpr-jarallax-no wpr-parallax-no wpr-sticky-section-no wpr-equal-height-no e-con e-child\" data-id=\"272554de\" data-element_type=\"container\" data-e-type=\"container\" data-settings=\"{&quot;background_background&quot;:&quot;classic&quot;}\">\n\t\t\t\t<div class=\"elementor-element elementor-element-18c449e9 elementor-widget elementor-widget-heading\" data-id=\"18c449e9\" data-element_type=\"widget\" data-e-type=\"widget\" data-widget_type=\"heading.default\">\n\t\t\t\t\t<h2 class=\"elementor-heading-title elementor-size-default\">PAKKAUSTARVIKKEET<\/h2>\t\t\t\t<\/div>\n\t\t\t\t<div class=\"elementor-element elementor-element-3b795d82 elementor-widget elementor-widget-text-editor\" data-id=\"3b795d82\" data-element_type=\"widget\" data-e-type=\"widget\" data-widget_type=\"text-editor.default\">\n\t\t\t\t\t\t\t\t\t<p>Kaikki pakkaamiseen yhdest\u00e4 paikasta.<br \/>Teipit, t\u00e4ytemateriaalit ja suojaratkaisut.<\/p>\t\t\t\t\t\t\t\t<\/div>\n\t\t\t\t<div class=\"elementor-element elementor-element-557e62f8 elementor-widget elementor-widget-heading\" data-id=\"557e62f8\" data-element_type=\"widget\" data-e-type=\"widget\" data-widget_type=\"heading.default\">\n\t\t\t\t\t<h2 class=\"elementor-heading-title elementor-size-default\"><a href=\"https:\/\/www.pahvilaatikko.fi\/?page_id=1602\">Katso pakkaustarvikkeet<\/a><\/h2>\t\t\t\t<\/div>\n\t\t\t\t<\/div>\n\t\t<div class=\"elementor-element elementor-element-37f04b32 e-con-full e-flex wpr-particle-no wpr-jarallax-no wpr-parallax-no wpr-sticky-section-no wpr-equal-height-no e-con e-child\" data-id=\"37f04b32\" data-element_type=\"container\" data-e-type=\"container\" data-settings=\"{&quot;background_background&quot;:&quot;classic&quot;}\">\n\t\t\t\t<div class=\"elementor-element elementor-element-4e4939ef elementor-widget elementor-widget-heading\" data-id=\"4e4939ef\" data-element_type=\"widget\" data-e-type=\"widget\" data-widget_type=\"heading.default\">\n\t\t\t\t\t<h2 class=\"elementor-heading-title elementor-size-default\">PAHVIMATERIAALIT<\/h2>\t\t\t\t<\/div>\n\t\t\t\t<div class=\"elementor-element elementor-element-4c2d3db9 elementor-widget elementor-widget-text-editor\" data-id=\"4c2d3db9\" data-element_type=\"widget\" data-e-type=\"widget\" data-widget_type=\"text-editor.default\">\n\t\t\t\t\t\t\t\t\t<p>Suojaamiseen ja teolliseen pakkaamiseen. Arkki-, rulla- ja \u2028muut pahvimateriaalit.<\/p>\t\t\t\t\t\t\t\t<\/div>\n\t\t\t\t<div class=\"elementor-element elementor-element-40a501c7 elementor-widget elementor-widget-heading\" data-id=\"40a501c7\" data-element_type=\"widget\" data-e-type=\"widget\" data-widget_type=\"heading.default\">\n\t\t\t\t\t<h2 class=\"elementor-heading-title elementor-size-default\"><a href=\"https:\/\/www.pahvilaatikko.fi\/?page_id=1604\">Katso pahvimateriaalit<\/a><\/h2>\t\t\t\t<\/div>\n\t\t\t\t<\/div>\n\t\t<div class=\"elementor-element elementor-element-312b21f7 e-con-full e-flex wpr-particle-no wpr-jarallax-no wpr-parallax-no wpr-sticky-section-no wpr-equal-height-no e-con e-child\" data-id=\"312b21f7\" data-element_type=\"container\" data-e-type=\"container\" data-settings=\"{&quot;background_background&quot;:&quot;classic&quot;}\">\n\t\t\t\t<div class=\"elementor-element elementor-element-7ebcde67 elementor-widget elementor-widget-heading\" data-id=\"7ebcde67\" data-element_type=\"widget\" data-e-type=\"widget\" data-widget_type=\"heading.default\">\n\t\t\t\t\t<h2 class=\"elementor-heading-title elementor-size-default\">PUUTARHALAATIKOT<\/h2>\t\t\t\t<\/div>\n\t\t\t\t<div class=\"elementor-element elementor-element-e28e864 elementor-widget elementor-widget-text-editor\" data-id=\"e28e864\" data-element_type=\"widget\" data-e-type=\"widget\" data-widget_type=\"text-editor.default\">\n\t\t\t\t\t\t\t\t\t<p>Kasvien, taimien ja tuoretuotteiden kuljetukseen, k\u00e4sittelyyn ja myyntiin \u2013 vakiokoot tai mittatilausratkaisu.<\/p>\t\t\t\t\t\t\t\t<\/div>\n\t\t\t\t<div class=\"elementor-element elementor-element-550d9182 elementor-widget elementor-widget-heading\" data-id=\"550d9182\" data-element_type=\"widget\" data-e-type=\"widget\" data-widget_type=\"heading.default\">\n\t\t\t\t\t<h2 class=\"elementor-heading-title elementor-size-default\"><a href=\"https:\/\/www.pahvilaatikko.fi\/?page_id=2092\">Katso puutarhalaatikot<\/a><\/h2>\t\t\t\t<\/div>\n\t\t\t\t<\/div>\n\t\t<div class=\"elementor-element elementor-element-567db1fb e-con-full e-flex wpr-particle-no wpr-jarallax-no wpr-parallax-no wpr-sticky-section-no wpr-equal-height-no e-con e-child\" data-id=\"567db1fb\" data-element_type=\"container\" data-e-type=\"container\" data-settings=\"{&quot;background_background&quot;:&quot;classic&quot;}\">\n\t\t\t\t<div class=\"elementor-element elementor-element-436a6bfe elementor-widget elementor-widget-heading\" data-id=\"436a6bfe\" data-element_type=\"widget\" data-e-type=\"widget\" data-widget_type=\"heading.default\">\n\t\t\t\t\t<h2 class=\"elementor-heading-title elementor-size-default\">R\u00c4\u00c4T\u00c4L\u00d6IDYT RATKAISUT<\/h2>\t\t\t\t<\/div>\n\t\t\t\t<div class=\"elementor-element elementor-element-287255d8 elementor-widget elementor-widget-text-editor\" data-id=\"287255d8\" data-element_type=\"widget\" data-e-type=\"widget\" data-widget_type=\"text-editor.default\">\n\t\t\t\t\t\t\t\t\t<p>Kun varastotavara ei riit\u00e4, suunnittelemme pakkauksen tarpeesi mukaan.\u00a0<\/p>\t\t\t\t\t\t\t\t<\/div>\n\t\t\t\t<div class=\"elementor-element elementor-element-267cd765 elementor-widget elementor-widget-heading\" data-id=\"267cd765\" data-element_type=\"widget\" data-e-type=\"widget\" data-widget_type=\"heading.default\">\n\t\t\t\t\t<h2 class=\"elementor-heading-title elementor-size-default\"><a href=\"https:\/\/www.pahvilaatikko.fi\/?page_id=1448\">Lue lis\u00e4\u00e4<\/a><\/h2>\t\t\t\t<\/div>\n\t\t\t\t<\/div>\n\t\t\t\t\t<\/div>\n\t\t\t\t<\/div>\n\t\t<div class=\"elementor-element elementor-element-d1c9dc1 e-flex e-con-boxed wpr-particle-no wpr-jarallax-no wpr-parallax-no wpr-sticky-section-no wpr-equal-height-no e-con e-parent\" data-id=\"d1c9dc1\" data-element_type=\"container\" data-e-type=\"container\" data-settings=\"{&quot;background_background&quot;:&quot;classic&quot;}\">\n\t\t\t\t\t<div class=\"e-con-inner\">\n\t\t<div class=\"elementor-element elementor-element-d26c825 e-con-full e-flex wpr-particle-no wpr-jarallax-no wpr-parallax-no wpr-sticky-section-no wpr-equal-height-no e-con e-child\" data-id=\"d26c825\" data-element_type=\"container\" data-e-type=\"container\" data-settings=\"{&quot;background_background&quot;:&quot;classic&quot;}\">\n\t\t<div class=\"elementor-element elementor-element-6eb850e e-con-full e-flex wpr-particle-no wpr-jarallax-no wpr-parallax-no wpr-sticky-section-no wpr-equal-height-no e-con e-child\" data-id=\"6eb850e\" data-element_type=\"container\" data-e-type=\"container\">\n\t\t\t\t<div class=\"elementor-element elementor-element-1e6838f elementor-widget elementor-widget-image\" data-id=\"1e6838f\" data-element_type=\"widget\" data-e-type=\"widget\" data-widget_type=\"image.default\">\n\t\t\t\t\t\t\t\t\t\t\t\t\t\t\t<img fetchpriority=\"high\" decoding=\"async\" width=\"1024\" height=\"476\" src=\"https:\/\/www.pahvilaatikko.fi\/wp-content\/uploads\/2026\/04\/pakkausratkaisu-1024x476.png\" class=\"attachment-large size-large wp-image-3468\" alt=\"Yksil\u00f6lliset pakkausratkaistu\" srcset=\"https:\/\/www.pahvilaatikko.fi\/wp-content\/uploads\/2026\/04\/pakkausratkaisu-1024x476.png 1024w, https:\/\/www.pahvilaatikko.fi\/wp-content\/uploads\/2026\/04\/pakkausratkaisu-300x139.png 300w, https:\/\/www.pahvilaatikko.fi\/wp-content\/uploads\/2026\/04\/pakkausratkaisu-768x357.png 768w, https:\/\/www.pahvilaatikko.fi\/wp-content\/uploads\/2026\/04\/pakkausratkaisu.png 1026w\" sizes=\"(max-width: 1024px) 100vw, 1024px\" \/>\t\t\t\t\t\t\t\t\t\t\t\t\t\t\t<\/div>\n\t\t\t\t<\/div>\n\t\t<div class=\"elementor-element elementor-element-180c2eb e-con-full e-flex wpr-particle-no wpr-jarallax-no wpr-parallax-no wpr-sticky-section-no wpr-equal-height-no e-con e-child\" data-id=\"180c2eb\" data-element_type=\"container\" data-e-type=\"container\">\n\t\t\t\t<div class=\"elementor-element elementor-element-bdeaae7 elementor-widget elementor-widget-image-box\" data-id=\"bdeaae7\" data-element_type=\"widget\" data-e-type=\"widget\" data-widget_type=\"image-box.default\">\n\t\t\t\t\t<div class=\"elementor-image-box-wrapper\"><div class=\"elementor-image-box-content\"><h2 class=\"elementor-image-box-title\"><a href=\"https:\/\/www.pahvilaatikko.fi\/?page_id=1448\">Kaipaatko yksil\u00f6llist\u00e4 pakkausratkaisua?<\/a><\/h2><p class=\"elementor-image-box-description\">Suunnittelemme ja valmistamme r\u00e4\u00e4t\u00e4l\u00f6idyt ratkaisut juuri sinun tuotteellesi.\u00a0Lue lis\u00e4\u00e4 monista mahdollisuuksista!<\/p><\/div><\/div>\t\t\t\t<\/div>\n\t\t\t\t<div class=\"elementor-element elementor-element-8989fab elementor-align-left elementor-widget elementor-widget-button\" data-id=\"8989fab\" data-element_type=\"widget\" data-e-type=\"widget\" data-widget_type=\"button.default\">\n\t\t\t\t\t\t\t\t\t\t<a class=\"elementor-button elementor-button-link elementor-size-sm elementor-animation-pop\" href=\"#postituskotelot\">\n\t\t\t\t\t\t<span class=\"elementor-button-content-wrapper\">\n\t\t\t\t\t\t\t\t\t<span class=\"elementor-button-text\">LUE LIS\u00c4\u00c4<\/span>\n\t\t\t\t\t<\/span>\n\t\t\t\t\t<\/a>\n\t\t\t\t\t\t\t\t<\/div>\n\t\t\t\t<\/div>\n\t\t\t\t<\/div>\n\t\t\t\t\t<\/div>\n\t\t\t\t<\/div>\n\t\t\t\t<\/div>\n\t\t","protected":false},"excerpt":{"rendered":"<p>TOIMIVAT PAKKAUSRATKAISUT KAIKKIIN TARPEISIIN TUOTEVALIKOIMA Pakkaus on paljon enemm\u00e4n kuin pelkk\u00e4 laatikko. Se vaikuttaa tuotteiden suojaamiseen, pakkaamisen sujuvuuteen, kuljetuksen tehokkuuteen ja lopulta koko toimitusketjun kustannuksiin. Oikein valittu pakkaus ei ainoastaan suojaa tuotetta, vaan tehostaa tekemist\u00e4, v\u00e4hent\u00e4\u00e4 turhaa materiaalink\u00e4ytt\u00f6\u00e4 ja tukee liiketoiminnan sujuvuutta. Tarjoamme sek\u00e4 vakiotuotteet ett\u00e4 t\u00e4ysin r\u00e4\u00e4t\u00e4l\u00f6idyt ratkaisut, kun pakkaus halutaan optimoida tarkasti tuotteelle ja tiettyyn k\u00e4ytt\u00f6tarkoitukseen. Tutustu eri tuoteryhmiin ja l\u00f6yd\u00e4 ratkaisu, joka toimii k\u00e4yt\u00e4nn\u00f6ss\u00e4. PAHVILAATIKOT Kaikki yritysten pakkaamiseen.Vakiokoot, vahvat kuljetuslaatikot ja mittatilausratkaisut. Katso pahvilaatikot POSTITUSKOTELOT Siisti ja nopea tapa l\u00e4hett\u00e4\u00e4 tuotteita. Erityisesti verkkokaupoille ja pienille l\u00e4hetyksille. Katso postituskotelot PAKKAUSTARVIKKEET Kaikki pakkaamiseen yhdest\u00e4 paikasta.Teipit, t\u00e4ytemateriaalit ja suojaratkaisut. Katso pakkaustarvikkeet PAHVIMATERIAALIT Suojaamiseen ja teolliseen pakkaamiseen. Arkki-, rulla- ja \u2028muut pahvimateriaalit. Katso pahvimateriaalit PUUTARHALAATIKOT Kasvien, taimien ja tuoretuotteiden kuljetukseen, k\u00e4sittelyyn ja myyntiin \u2013 vakiokoot tai mittatilausratkaisu. Katso puutarhalaatikot R\u00c4\u00c4T\u00c4L\u00d6IDYT RATKAISUT Kun varastotavara ei riit\u00e4, suunnittelemme pakkauksen tarpeesi mukaan.\u00a0 Lue lis\u00e4\u00e4 Kaipaatko yksil\u00f6llist\u00e4 pakkausratkaisua? Suunnittelemme ja valmistamme r\u00e4\u00e4t\u00e4l\u00f6idyt ratkaisut juuri sinun tuotteellesi.\u00a0Lue lis\u00e4\u00e4 monista mahdollisuuksista! LUE LIS\u00c4\u00c4<\/p>\n","protected":false},"author":1,"featured_media":0,"parent":0,"menu_order":0,"comment_status":"closed","ping_status":"closed","template":"elementor_header_footer","meta":{"_acf_changed":false,"site-sidebar-layout":"default","site-content-layout":"","ast-site-content-layout":"default","site-content-style":"default","site-sidebar-style":"default","ast-global-header-display":"","ast-banner-title-visibility":"","ast-main-header-display":"","ast-hfb-above-header-display":"","ast-hfb-below-header-display":"","ast-hfb-mobile-header-display":"","site-post-title":"","ast-breadcrumbs-content":"","ast-featured-img":"","footer-sml-layout":"","ast-disable-related-posts":"","theme-transparent-header-meta":"","adv-header-id-meta":"","stick-header-meta":"","header-above-stick-meta":"","header-main-stick-meta":"","header-below-stick-meta":"","astra-migrate-meta-layouts":"default","ast-page-background-enabled":"default","ast-page-background-meta":{"desktop":{"background-color":"var(--ast-global-color-5)","background-image":"","background-repeat":"repeat","background-position":"center center","background-size":"auto","background-attachment":"scroll","background-type":"","background-media":"","overlay-type":"","overlay-color":"","overlay-opacity":"","overlay-gradient":""},"tablet":{"background-color":"","background-image":"","background-repeat":"repeat","background-position":"center center","background-size":"auto","background-attachment":"scroll","background-type":"","background-media":"","overlay-type":"","overlay-color":"","overlay-opacity":"","overlay-gradient":""},"mobile":{"background-color":"","background-image":"","background-repeat":"repeat","background-position":"center center","background-size":"auto","background-attachment":"scroll","background-type":"","background-media":"","overlay-type":"","overlay-color":"","overlay-opacity":"","overlay-gradient":""}},"ast-content-background-meta":{"desktop":{"background-color":"var(--ast-global-color-4)","background-image":"","background-repeat":"repeat","background-position":"center center","background-size":"auto","background-attachment":"scroll","background-type":"","background-media":"","overlay-type":"","overlay-color":"","overlay-opacity":"","overlay-gradient":""},"tablet":{"background-color":"var(--ast-global-color-4)","background-image":"","background-repeat":"repeat","background-position":"center center","background-size":"auto","background-attachment":"scroll","background-type":"","background-media":"","overlay-type":"","overlay-color":"","overlay-opacity":"","overlay-gradient":""},"mobile":{"background-color":"var(--ast-global-color-4)","background-image":"","background-repeat":"repeat","background-position":"center center","background-size":"auto","background-attachment":"scroll","background-type":"","background-media":"","overlay-type":"","overlay-color":"","overlay-opacity":"","overlay-gradient":""}},"_themeisle_gutenberg_block_has_review":false,"footnotes":""},"class_list":["post-1450","page","type-page","status-publish","hentry"],"acf":[],"_links":{"self":[{"href":"https:\/\/www.pahvilaatikko.fi\/index.php?rest_route=\/wp\/v2\/pages\/1450","targetHints":{"allow":["GET"]}}],"collection":[{"href":"https:\/\/www.pahvilaatikko.fi\/index.php?rest_route=\/wp\/v2\/pages"}],"about":[{"href":"https:\/\/www.pahvilaatikko.fi\/index.php?rest_route=\/wp\/v2\/types\/page"}],"author":[{"embeddable":true,"href":"https:\/\/www.pahvilaatikko.fi\/index.php?rest_route=\/wp\/v2\/users\/1"}],"replies":[{"embeddable":true,"href":"https:\/\/www.pahvilaatikko.fi\/index.php?rest_route=%2Fwp%2Fv2%2Fcomments&post=1450"}],"version-history":[{"count":67,"href":"https:\/\/www.pahvilaatikko.fi\/index.php?rest_route=\/wp\/v2\/pages\/1450\/revisions"}],"predecessor-version":[{"id":3775,"href":"https:\/\/www.pahvilaatikko.fi\/index.php?rest_route=\/wp\/v2\/pages\/1450\/revisions\/3775"}],"wp:attachment":[{"href":"https:\/\/www.pahvilaatikko.fi\/index.php?rest_route=%2Fwp%2Fv2%2Fmedia&parent=1450"}],"curies":[{"name":"wp","href":"https:\/\/api.w.org\/{rel}","templated":true}]}}